 is the remainder when 29536 is divided by 196?
136
Calculate the remainder when 42079 is divided by 42069.
10
What is the remainder when 53068 is divided by 43?
6
Calculate the remainder when 9391 is divided by 4542.
307
What is the remainder when 13924 is divided by 729?
73
Calculate the remainder when 195043 is divided by 602.
597
What is the remainder when 305918 is divided by 402?
398
What is the remainder when 414 is divided by 136?
6
What is the remainder when 14600 is divided by 3635?
60
What is the remainder when 4380 is divided by 243?
6
What is the remainder when 90454 is divided by 289?
286
Calculate the remainder when 11021 is divided by 1569.
38
Calculate the remainder when 754 is divided by 159.
118
What is the remainder when 8364 is divided by 31?
25
Calculate the remainder when 1825 is divided by 233.
194
What is the remainder when 56541 is divided by 44?
1
Calculate the remainder when 21832 is divided by 2424.
16
Calculate the remainder when 1745 is divided by 60.
5
Calculate the remainder when 5413 is divided by 95.
93
Calculate the remainder when 1297 is divided by 218.
207
What is the remainder when 15673 is divided by 362?
107
Calculate the remainder when 25768 is divided by 68.
64
What is the remainder when 13111 is divided by 128?
55
Calculate the remainder when 22184 is divided by 85.
84
Calculate the remainder when 300411 is divided by 33379.
0
What is the remainder when 203283 is divided by 91?
80
What is the remainder when 278969 is divided by 102?
101
Calculate the remainder when 1670 is divided by 44.
42
Calculate the remainder when 51632 is divided by 50.
32
Calculate the remainder when 249181 is divided by 51.
46
Calculate the remainder when 2081 is divided by 675.
56
Calculate the remainder when 1783 is divided by 3.
1
Calculate the remainder when 355435 is divided by 44427.
19
What is the remainder when 10784 is divided by 38?
30
What is the remainder when 859229 is divided by 88?
85
Calculate the remainder when 30443 is divided by 108.
95
Calculate the remainder when 7097 is divided by 355.
352
What is the remainder when 36809 is divided by 715?
344
What is the remainder when 44622 is divided by 106?
102
What is the remainder when 855 is divided by 236?
147
Calculate the remainder when 6492188 is divided by 84.
80
Calculate the remainder when 49391 is divided by 24689.
13
What is the remainder when 17267 is divided by 13?
3
Calculate the remainder when 22121 is divided by 6.
5
What is the remainder when 9308 is divided by 38?
36
Calculate the remainder when 36144 is divided by 172.
24
Calculate the remainder when 6968 is divided by 303.
302
Calculate the remainder when 7267 is divided by 1038.
1
Calculate the remainder when 11581 is divided by 425.
106
Calculate the remainder when 7662 is divided by 343.
116
Calculate the remainder when 18867 is divided by 3138.
39
Calculate the remainder when 3744 is divided by 935.
4
What is the remainder when 8428 is divided by 103?
85
What is the remainder when 130977 is divided by 60?
57
What is the remainder when 2697 is divided by 310?
217
What is the remainder when 1059 is divided by 185?
134
Calculate the remainder when 628566 is divided by 196.
190
Calculate the remainder when 139356 is divided by 871.
867
Calculate the remainder when 2170 is divided by 422.
60
Calculate the remainder when 1221 is divided by 243.
6
Calculate the remainder when 10135 is divided by 1488.
1207
Calculate the remainder when 61665 is divided by 527.
6
What is the remainder when 333 is divided by 82?
5
What is the remainder when 490061 is divided by 118?
7
Calculate the remainder when 3230783 is divided by 313.
310
What is the remainder when 45732 is divided by 1990?
1952
Calculate the remainder when 26800 is divided by 55.
15
What is the remainder when 418048 is divided by 15?
13
What is the remainder when 8660 is divided by 140?
120
What is the remainder when 39343 is divided by 703?
678
What is the remainder when 634 is divided by 53?
51
What is the remainder when 407462 is divided by 101862?
14
What is the remainder when 374 is divided by 108?
50
Calculate the remainder when 2180 is divided by 362.
8
What is the remainder when 9605 is divided by 1092?
869
Calculate the remainder when 1862 is divided by 1523.
339
What is the remainder when 56698 is divided by 167?
85
What is the remainder when 2512156 is divided by 27?
22
What is the remainder when 221450 is divided by 182?
138
Calculate the remainder when 11466 is divided by 803.
224
What is the remainder when 75090 is divided by 290?
270
Calculate the remainder when 27936 is divided by 383.
360
Calculate the remainder when 13841 is divided by 491.
93
What is the remainder when 997628 is divided by 81?
32
Calculate the remainder when 737338 is divided by 12.
10
Calculate the remainder when 1489 is divided by 463.
100
What is the remainder when 22625 is divided by 54?
53
Calculate the remainder when 17817 is divided by 212.
9
Calculate the remainder when 171281 is divided by 3.
2
Calculate the remainder when 2326 is divided by 174.
64
Calculate the remainder when 3897 is divided by 747.
162
What is the remainder when 10127 is divided by 266?
19
What is the remainder when 11289 is divided by 11289?
0
Calculate the remainder when 11177 is divided by 414.
413
Calculate the remainder when 421125 is divided by 1554.
1545
Calculate the remainder when 61480 is divided by 205.
185
What is the remainder when 77388 is divided by 56?
52
Calculate the remainder when 36231 is divided by 374.
327
What is the remainder when 1408371 is divided by 271?
255
What is the remainder when 98225 is divided by 289?
254
What is the remainder when 25287 is divided by 18?
15
Calculate the remainder when 7258 is divided by 35.
13
What is the remainder when 3271 is divided by 14?
9
What is the remainder when 312877 is divided by 1462?
9
What is the remainder when 2006 is divided by 13?
4
Calculate the remainder when 864 is divided by 555.
309
Calculate the remainder when 87592 is divided by 40.
32
Calculate the remainder when 15937 is divided by 24.
1
What is the remainder when 176635 is divided by 88261?
113
What is the remainder when 44008 is divided by 40?
8
What is the remainder when 191297 is divided by 95634?
29
What is the remainder when 211587 is divided by 2980?
7
Calculate the remainder when 85420 is divided by 252.
244
Calculate the remainder when 31640 is divided by 74.
42
Calculate the remainder when 303985 is divided by 475.
460
Calculate the remainder when 41396 is divided by 19.
14
What is the remainder when 1014002 is divided by 139?
136
What is the remainder when 1813 is divided by 300?
13
What is the remainder when 9846 is divided by 4921?
4
What is the remainder when 112323 is divided by 97?
94
What is the remainder when 17935 is divided by 36?
7
Calculate the remainder when 2871 is divided by 479.
476
What is the remainder when 625630 is divided by 336?
334
What is the remainder when 315890 is divided by 646?
642
Calculate the remainder when 39371 is divided by 184.
179
What is the remainder when 24471 is divided by 8157?
0
What is the remainder when 502670 is divided by 353?
351
Calculate the remainder when 117623 is divided by 636.
599
Calculate the remainder when 26363 is divided by 233.
34
What is the remainder when 2444 is divided by 319?
211
Calculate the remainder when 8912 is divided by 262.
4
What is the remainder when 104975 is divided by 34?
17
What is the remainder when 999596 is divided by 9342?
2
What is the remainder when 20162 is divided by 143?
142
Calculate the remainder when 35048 is divided by 219.
8
Calculate the remainder when 2786 is divided by 468.
446
What is the remainder when 419 is divided by 22?
1
Calculate the remainder when 239356 is divided by 82.
80
Calculate the remainder when 240908 is divided by 137.
62
What is the remainder when 3223 is divided by 456?
31
What is the remainder when 20856 is divided by 2716?
1844
What is the remainder when 3969 is divided by 113?
14
Calculate the remainder when 17524 is divided by 8729.
66
What is the remainder when 53534 is divided by 415?
414
Calculate the remainder when 50862 is divided by 140.
42
What is the remainder when 48180 is divided by 3440?
20
Calculate the re